st the prime factors of 2039132341.
2039132341
List the prime factors of 156895510.
2, 5, 29, 149, 3631
List the prime factors of 47487931.
163, 291337
What are the prime factors of 5654814033?
3, 11, 389, 440509
What are the prime factors of 23993457?
3, 1483, 5393
What are the prime factors of 38103389?
3463, 11003
What are the prime factors of 780298104?
2, 3, 199, 821
What are the prime factors of 24063234?
2, 3, 13, 19, 1249
What are the prime factors of 1251124364?
2, 7, 37, 1207649
List the prime factors of 29770987.
59, 504593
What are the prime factors of 39334257?
3, 31, 140983
List the prime factors of 1912411015.
5, 23, 1181, 14081
What are the prime factors of 42054172?
2, 43, 139, 1759
List the prime factors of 311238455.
5, 11, 2029, 2789
List the prime factors of 148781212.
2, 17, 2187959
What are the prime factors of 48476200?
2, 5, 163, 1487
What are the prime factors of 176996878?
2, 953, 92863
What are the prime factors of 180236605?
5, 36047321
List the prime factors of 605220022.
2, 11, 23, 1196087
What are the prime factors of 866337561?
3, 17, 29, 195253
List the prime factors of 1891405387.
31, 109, 139, 4027
List the prime factors of 5881598.
2, 2940799
List the prime factors of 36512373.
3, 47, 127, 2039
List the prime factors of 96737050.
2, 5, 31, 139, 449
List the prime factors of 356769157.
17, 523, 40127
What are the prime factors of 1501429552?
2, 7, 19, 705559
What are the prime factors of 3510289118?
2, 7, 23, 503, 21673
List the prime factors of 563199070.
2, 5, 7, 8045701
List the prime factors of 1449574646.
2, 13, 55752871
List the prime factors of 1802115978.
2, 3, 13, 2659, 8689
What are the prime factors of 23088079?
7, 3298297
What are the prime factors of 401518783?
37, 89, 121931
What are the prime factors of 13170992?
2, 359, 2293
What are the prime factors of 129667116?
2, 3, 2617, 4129
List the prime factors of 163728943.
7, 577, 5791
List the prime factors of 41816641.
131, 319211
What are the prime factors of 50324438?
2, 197, 127727
List the prime factors of 230381427.
3, 76793809
What are the prime factors of 247286417?
7, 103, 197, 1741
List the prime factors of 59402031.
3, 13, 23, 47, 1409
What are the prime factors of 1893775625?
5, 7, 37, 11699
List the prime factors of 1193700864.
2, 3, 139, 5591
What are the prime factors of 343177311?
3, 3307, 34591
List the prime factors of 704718353.
704718353
List the prime factors of 62698899.
3, 29, 720677
What are the prime factors of 3016599792?
2, 3, 62845829
List the prime factors of 84249896.
2, 10531237
What are the prime factors of 26495718?
2, 3, 4415953
What are the prime factors of 154270027?
47, 3282341
What are the prime factors of 62059397?
37, 1677281
What are the prime factors of 2093284784?
2, 61, 2144759
List the prime factors of 55993998.
2, 3, 31, 43, 7001
What are the prime factors of 1668184488?
2, 3, 389, 59561
List the prime factors of 1507615822.
2, 23, 1187, 27611
List the prime factors of 1816039898.
2, 43, 379, 55717
List the prime factors of 135893841.
3, 45297947
List the prime factors of 725580457.
7, 1499, 69149
What are the prime factors of 16179163?
7, 11, 13, 2309
List the prime factors of 75777742.
2, 37888871
List the prime factors of 159801952.
2, 4993811
What are the prime factors of 70309666?
2, 7, 23, 67, 3259
What are the prime factors of 368528804?
2, 7, 268607
What are the prime factors of 2834426545?
5, 1381, 410489
List the prime factors of 758268755.
5, 317, 478403
List the prime factors of 2329715.
5, 29, 16067
List the prime factors of 1414401397.
809, 1748333
List the prime factors of 6154683.
3, 1093, 1877
List the prime factors of 175476353.
13, 13498181
List the prime factors of 5573395033.
5573395033
What are the prime factors of 64747601?
7687, 8423
What are the prime factors of 1945864635?
3, 5, 11, 13, 907163
List the prime factors of 52319742.
2, 3, 47, 185531
What are the prime factors of 818226116?
2, 17, 151, 79687
List the prime factors of 6140424.
2, 3, 255851
What are the prime factors of 2802163370?
2, 5, 23, 43, 421, 673
List the prime factors of 55116242.
2, 47, 709, 827
What are the prime factors of 47549571?
3, 19, 47, 17749
List the prime factors of 1356389625.
3, 5, 17, 263, 809
What are the prime factors of 839732020?
2, 5, 37, 227, 4999
List the prime factors of 182505151.
182505151
List the prime factors of 163858870.
2, 5, 7, 31, 75511
What are the prime factors of 754893480?
2, 3, 5, 11, 337, 1697
What are the prime factors of 1494540341?
7, 431, 599, 827
What are the prime factors of 1167708468?
2, 3, 181, 353, 1523
What are the prime factors of 10608357?
3, 17, 79, 2633
What are the prime factors of 2770562844?
2, 3, 7, 1609, 6833
What are the prime factors of 346281?
3, 13, 683
List the prime factors of 2653735872.
2, 3, 13821541
List the prime factors of 26118431.
61, 103, 4157
List the prime factors of 545346044.
2, 29, 53, 107, 829
What are the prime factors of 1870434296?
2, 43, 5437309
What are the prime factors of 592046575?
5, 43, 103, 5347
List the prime factors of 16880530.
2, 5, 61, 27673
What are the prime factors of 135522463?
23, 373, 15797
What are the prime factors of 1103648519?
1103648519
List the prime factors of 3361986398.
2, 1680993199
List the prime factors of 72486952.
2, 9060869
List the prime factors of 78006405.
3, 5, 5200427
What are the prime factors of 951617922?
2, 3, 7369, 21523
List the prime factors of 4511722504.
2, 23, 61, 17477
List the prime factors of 149754045.
3, 5, 7, 67, 3041
List the prime factors of 3049790000.
2, 5, 304979
List the prime factors of 244345261.
23, 131, 81097
List the prime factors of 55211339.
23, 1283, 1871
List the prime factors of 80775750.
2, 3, 5, 11, 9791
List the prime factors of 151177372.
2, 241, 156823
List the prime factors of 380115036.
2, 3, 7, 17, 88729
List the prime factors of 560126160.
2, 3, 5, 11, 197, 359
What are the prime factors of 224106422?
2, 112053211
What are the prime factors of 5158946148?
2, 3, 429912179
List the prime factors of 91360442.
2, 45680221
List the prime factors of 60143847.
3, 20047949
List the prime factors of 2679284956.
2, 669821239
What are the prime factors of 45236511?
3, 19, 127, 2083
List the prime factors of 1164265997.
383, 3039859
List the prime factors of 1054625162.
2, 527312581
What are the prime factors of 314015681?
7, 44859383
What are the prime factors of 1872361498?
2, 7, 19, 31, 67, 3389
What are the prime factors of 36439138?
2, 29, 628261
What are the prime factors of 29388742?
2, 587, 25033
List the prime factors of 7743745467.
3, 61, 409, 34487
List the prime factors of 5533541570.
2, 5, 19, 79, 19403
List the prime factors of 702513042.
2, 3, 7, 11, 47, 32353
What are the prime factors of 1229804986?
2, 23, 26734891
What are the prime factors of 464122392?
2, 3, 43, 167, 2693
List the prime factors of 1707600757.
47, 36331931
What are the prime factors of 38607008?
2, 11, 67, 1637
List the prime factors of 3396128743.
7, 17, 911, 31327
What are the prime factors of 26175015?
3, 5, 41, 4729
What are the prime factors of 56160095?
5, 17, 29, 22783
What are the prime factors of 125547710?
2, 5, 1801, 6971
What are the prime factors of 248231828?
2, 13, 73, 65393
What are the prime factors of 57455354?
2, 11, 19, 137453
List the prime factors of 21781045.
5, 11, 13, 41, 743
What are the prime factors of 1932607122?
2, 3, 3407, 94541
List the prime factors of 21567901.
4337, 4973
List the prime factors of 1378758999.
3, 10837, 42409
List the prime factors of 1070724519.
3, 118969391
List the prime factors of 976190301.
3, 108465589
What are the prime factors of 338188616?
2, 17, 2486681
List the prime factors of 2798878018.
2, 2851, 490859
What are the prime factors of 5670415433?
17, 733, 455053
List the prime factors of 21461293.
7, 17, 180347
What are the prime factors of 591785307?
3, 43, 109, 14029
What are the prime factors of 7037375246?
2, 11, 29080063
What are the prime factors of 38982683?
17, 563, 4073
What are the prime factors of 504061920?
2, 3, 5, 116681
What are the prime factors of 308825100?
2, 3, 5, 31, 11069
List the prime factors of 116039578.
2, 53, 67, 16339
What are the prime factors of 795086311?
17, 619, 75557
What a